7511)/(-63) - -7 - 6/27. What is the highest common divisor of u and 18?
18
Let t(q) = q**3 + 4*q**2 - q. Let h be t(5). Suppose 11*k - 140 = 4*k. What is the highest common divisor of h and k?
20
Let l be 4*(-2 + 1 + 5) + 3. Suppose -2*w + 5 - l = -n, 2*n + 4*w - 4 = 0. What is the greatest common factor of 32 and n?
8
Let p be (-8)/10*60/(-24). Suppose 2*x = x + p. Let k be (2/3)/(x/3). Calculate the highest common divisor of k and 7.
1
Let v(y) = -204*y + 66. Let r be v(0). What is the greatest common factor of 2112 and r?
66
Let b(k) be the second derivative of k**5/20 + 5*k**4/6 + 2*k**3/3 - 21*k**2/2 - 12*k. Let m be b(-9). Calculate the greatest common divisor of 120 and m.
24
Let l(n) = -288*n - 6. Let q be l(-1). What is the highest common factor of q and 94?
94
Suppose 5*q = -3*t - 46, 5*q = 3*q - 4*t - 24. Let m be (-204)/10 - q/20. Let v = 37 + m. Calculate the highest common divisor of 68 and v.
17
Let h(w) = -16*w - 9. Let r be h(-1). Let j(v) = v + 5. Let d be j(r). What is the greatest common factor of d and 48?
12
Let y(r) be the second derivative of r**5/20 - r**4/2 + 2*r**3/3 - 13*r**2/2 + 20*r. Let u be y(6). What is the greatest common factor of 1 and u?
1
Let b = -30 - -74. Suppose 4*j - b = -0. Let i = 20 - j. Calculate the greatest common divisor of 36 and i.
9
Let w be (15 - 833/(-51)) + 8/(-6). What is the highest common divisor of w and 160?
10
Suppose 3*c - 14 = -2. Suppose -c*z = -6*z + 152. What is the greatest common divisor of z and 19?
19
Suppose 2*p = -n - n + 28, 5 = p. Suppose -3*j + 183 = n. Suppose 3*h + 0*w - j = 2*w, -4*w = 4*h - 44. What is the highest common factor of 80 and h?
16
Suppose -a + 1 = 5*b, -61 = -5*a - 0*a + 3*b. Let o = -11 + a. Suppose 12 = -4*d, -3*d = -o*g + g - 7. What is the highest common factor of 4 and g?
4
Let k be (6/(-2) + 4)/((-4)/(-328)). Calculate the highest common factor of k and 697.
41
Suppose -3*d = -4*d - 21. Let i = 57 + d. Suppose k - i = -2*k. What is the highest common factor of k and 24?
12
Let o be 2/6*(10 + -4) - -18. Suppose -o*p = -24*p + 16. Suppose 41 = 5*f - 39. Calculate the highest common divisor of p and f.
4
Let y be -4*((3 - 0) + -4). Suppose y*q = 24 + 48. What is the highest common factor of q and 72?
18
Let x = 98 + -77. Let u be x - ((-30)/25)/((-2)/5). What is the highest common factor of u and 27?
9
Let n(b) = -b**2 - 10*b - 3. Suppose 3*s - 4*s + y = -14, -2*s + 3*y = -24. Let k = s + -21. Let i be n(k). What is the highest common factor of i and 9?
9
Suppose 0 = x - 3*p - 16, 5*p + 15 + 21 = 4*x. Suppose -x*o - 193 = u - 9*o, 543 = -3*u + 3*o. Let b = 395 + u. What is the greatest common divisor of b and 31?
31
Suppose 0 = -2*y - y + 72. Let l be -1 - 3 - (-18 + (7 - -1)). Calculate the greatest common divisor of y and l.
6
Let j = 64 - 99. Let o be ((-14)/j - (-356)/(-10))*-5. Calculate the greatest common factor of o and 11.
11
Let s be 60/35 - (-6)/21. Let n be 0 + ((-40)/(-4) - s). Calculate the highest common divisor of n and 56.
8
Let x = 507 + -419. Calculate the greatest common factor of 77 and x.
11
Suppose -6*o = -603 - 255. Calculate the highest common divisor of o and 110.
11
Let z(n) = -n**3 + 6*n**2 + n - 6. Let p be z(5). Let w = -66 - -92. Suppose 8*v - 102 = w. Calculate the highest common factor of p and v.
8
Suppose 0 = w + u - 0*u - 61, 5*w - 3*u = 273. Suppose -5*z + 63 = -w. What is the highest common divisor of z and 12?
12
Let t(n) = 3*n**3 - 2*n**2 + 1. Let j be t(1). Let v be -1 - j/(-1) - -15. Let y(r) = -15*r + 2. Let c be y(-2). What is the highest common factor of v and c?
16
Suppose -12*l = 631 - 4759. What is the highest common divisor of 43 and l?
43
Let w(o) = -3*o**2 - 3*o. Let u be w(-3). Let p = -6 - u. Let h be ((-114)/9)/((-8)/p). Calculate the greatest common factor of h and 19.
19
Let b = -8 + 13. Suppose 0 = 5*w - 4*w - b. Calculate the greatest common factor of w and 35.
5
Suppose 9 = 3*o - o + 3*i, -3*o = -5*i + 15. Suppose 209 = 2*w + 3*y, -3*w + o*y + y = -297. What is the greatest common divisor of w and 20?
20
Suppose 5*k = -0*k + 5*g + 60, 3*g = -9. Suppose 9 = 5*v - 116. Suppose -5*q + 5 + v = 0. Calculate the highest common divisor of k and q.
3
Let x be -1*10*(-12)/10. Let y(c) = c**3 - 14*c**2 + 26*c + 16. Let f be y(12). Suppose 16*t - 8 - f = 0. What is the highest common divisor of x and t?
3
Let t(x) = -36*x - 8. Let n be t(-5). Suppose -n = -4*j - 4*y, 0*j = 2*j + 4*y - 88. Suppose 2*s + 0*s = 42. What is the highest common factor of s and j?
21
Let c be 98/42 - 2/6. Let y be (-1 - c/(-1)) + 21 + 0. Let g(q) = q**3 + 7*q**2 - 5*q - 2. Let s be g(-7). Calculate the greatest common divisor of y and s.
11
Suppose 12*x = 9*x + 330. Suppose -4*s + 3*l = -0*l - 105, 3*s - 5*l - 87 = 0. Suppose -i + s = 2. Calculate the greatest common divisor of x and i.
22
Suppose -3*g - 249 = -5*v + 97, -v + 4*g = -76. Calculate the highest common divisor of v and 442.
34
Let x = 56 - 29. Suppose -5*z + 0 = -10. Let i be (-3)/(z/(2 - 4)). What is the highest common divisor of i and x?
3
Suppose -70*o + 154*o - 77*o - 210 = 0. Let c = 6 - 3. Suppose c*y - 224 = 5*j - 6*j, 0 = -3*y - 4*j + 221. Calculate the greatest common factor of o and y.
15
Suppose 14*n = 11*n + 90. What is the highest common divisor of 36 and n?
6
Suppose -2*i = -3*s + 48 - 1, -5*i = 3*s - 40. What is the highest common divisor of s and 420?
15
Let t = 36 + -66. Let i be ((-12)/t)/(1/75). Suppose 25*c - 220 = 3*c. Calculate the greatest common factor of c and i.
10
Let t(z) = -z**2 - 4*z + 17. Suppose -4*p + 24 = -4*b, -2*b - 18 + 6 = 3*p. Let d be t(b). Calculate the greatest common factor of d and 25.
5
Suppose -54 = -2*p + 4*x, 27 = 2*p - 5*x - 26. Let s be 5/20*-2 + p/2. Suppose -4*a + 833 - 217 = 0. What is the highest common divisor of s and a?
14
Let z(k) = 11*k**2 - 12*k + 36. Let l be z(6). What is the greatest common factor of l and 15?
15
Let x = -113 - -136. What is the highest common factor of 92 and x?
23
Suppose -q + 6*q = -5*w + 165, 0 = -3*q + w + 107. Suppose 5*i + 4*a = 61, -8 = -3*i - 4*a + q. Let l = 30 - i. Calculate the greatest common factor of 3 and l.
3
Suppose 4*j + 80 = 4*f, 3*f = -f + 2*j + 80. Calculate the highest common divisor of 80 and f.
20
Suppose c = -3*b + 236, 3*b - 223 = -4*c + 1. What is the greatest common factor of b and 48?
16
Let m(z) = 4*z**3 - z**2 - 3*z + 5. Let x(u) = u**3 - 13*u**2 + 2*u - 24. Let o be x(13). Let h be m(o). What is the greatest common divisor of h and 9?
9
Suppose -5*h + 2396 = 4*p, 2*p - 150 + 632 = h. What is the highest common divisor of h and 60?
60
Let q(v) = 1 - 19*v + 2 + 9. Let w be q(-6). Let j be w/15 - (-3)/5. What is the highest common factor of 72 and j?
9
Let m(r) = r**3 + r**2 - 14*r + 72. Let k be m(0). Calculate the highest common factor of 9 and k.
9
Suppose -8*u = -3*u + 35. Let l be (-72)/u - (36/28 - 1). Calculate the greatest common factor of 50 and l.
10
Let s(c) be the first derivative of 53/2*c**2 + c - 1. Let k be s(1). Calculate the greatest common factor of k and 9.
9
Let k(m) = -m**3 + 4*m**2 - 2*m - 1. Let v = -15 - -18. Let b be k(v). Calculate the greatest common divisor of b and 16.
2
Let w = 14 - -14. What is the highest common factor of w and 154?
14
Let r = 153 + -150. Suppose 5*b = -r*d + 69, 4*b - 4*d = d + 33. Calculate the greatest common factor of 60 and b.
12
Let a = 437 + -302. What is the highest common divisor of 180 and a?
45
Suppose -1508 = -6*q + 2*q. Suppose 0 = -8*s + q + 415. Calculate the highest common divisor of s and 66.
33
Suppose -75 = -5*w + 5*z, 30 = 2*w + 4*z - 7*z. Suppose -4 = x, 2*x + 104 = b - 7. Suppose -5*i = -722 - b. What is the highest common divisor of w and i?
15
Let m be (-154)/(-7)*1/2. Let r = m - -13. Calculate the highest common factor of r and 24.
24
Let s = 50 + -47. Suppose s*y - 34 + 4 = 0. Calculate the highest common factor of y and 25.
5
Let j = -20 - -41. Suppose -2*x - 15 + 173 = v, 0 = -4*x - 20. Calculate the highest common divisor of j and v.
21
Let n = 1012 + -1001. What is the highest common divisor of 891 and n?
11
Let v(n) = -2*n**2 - 20*n - 28. Let q be v(-8). Calculate the highest common divisor of 194 and q.
2
Suppose -4*t + 6*t + 3*d - 67 = 0, -4*t + 89 = -3*d. Let f = -19